00636519 a composite number?
True
Is 26070829787 composite?
False
Is 5855882 composite?
True
Is 5071968443 a prime number?
False
Is 16134734461 composite?
False
Is 76337300473 prime?
False
Is 2761088117 a composite number?
True
Is 184864331 a composite number?
True
Is 26038645877 prime?
False
Is 2892424889 a composite number?
True
Is 537118903 a composite number?
True
Is 28386487 composite?
False
Is 473790749 prime?
True
Is 1148575433 composite?
True
Is 5213699401 a prime number?
True
Is 174782737 prime?
True
Is 112328666537 prime?
True
Is 2061613997 composite?
True
Is 1322937767 a prime number?
False
Is 15835571351 prime?
False
Is 15247792421 a composite number?
False
Is 6847474561 a composite number?
False
Is 9362447371 a prime number?
True
Is 583245137 composite?
True
Is 776698349 composite?
True
Is 10810228223 a composite number?
True
Is 583434457 prime?
False
Is 1487662121 a prime number?
False
Is 2163389413 a composite number?
True
Is 15584611933 a prime number?
False
Is 2175904513 a prime number?
False
Is 1312894879 a prime number?
True
Is 5462168977 a composite number?
False
Is 7213549727 composite?
False
Is 1209491609 composite?
True
Is 66831308087 a prime number?
True
Is 1738240493 prime?
False
Is 1795697483 composite?
True
Is 337322425079 prime?
True
Is 21193245881 a composite number?
False
Is 1343147291 prime?
True
Is 196155002623 composite?
False
Is 104443709 a prime number?
False
Is 789114751 composite?
True
Is 30811932133 a composite number?
True
Is 1457708621 a composite number?
False
Is 1044553343 prime?
False
Is 581731078 a composite number?
True
Is 5642366549 composite?
False
Is 74824648879 a prime number?
False
Is 3355041293 a prime number?
False
Is 19737673751 prime?
False
Is 18772093 a composite number?
True
Is 1588561757 composite?
False
Is 1786125031 a prime number?
True
Is 644945673 a composite number?
True
Is 323425117 a prime number?
False
Is 2879679533 a prime number?
True
Is 1370965643 a prime number?
True
Is 1200354537 a prime number?
False
Is 15652928999 a composite number?
True
Is 12598444127 a composite number?
False
Is 109104327322 prime?
False
Is 86285791 a composite number?
True
Is 47722369 a prime number?
True
Is 2414590033 prime?
False
Is 76389373 a prime number?
True
Is 56589707 a composite number?
True
Is 518227343 a composite number?
False
Is 73967833897 a composite number?
True
Is 12217064047 a composite number?
False
Is 3545624877 prime?
False
Is 161465657 a prime number?
True
Is 39910411 a prime number?
True
Is 395232443 prime?
True
Is 1135593405499 a prime number?
False
Is 960390121 composite?
False
Is 67732061 a composite number?
False
Is 1005876541 a prime number?
True
Is 33290078161 a prime number?
True
Is 18146197039 composite?
True
Is 6629519447 a prime number?
True
Is 905482073 composite?
True
Is 905151133 a composite number?
False
Is 2245496911 prime?
False
Is 2235192991 a prime number?
True
Is 4661928883 a composite number?
False
Is 787590901 a prime number?
False
Is 1300923469 prime?
True
Is 44353 prime?
False
Is 7615643147 a composite number?
True
Is 452302303 a prime number?
True
Is 20109297431 prime?
True
Is 1216337699 prime?
True
Is 3421920431 composite?
True
Is 1743861061 a composite number?
False
Is 120672472157 a prime number?
False
Is 17789145317 prime?
False
Is 6515282843 a prime number?
True
Is 28965730503 prime?
False
Is 72360738097 a prime number?
False
Is 91306905791 a composite number?
False
Is 480136073563 composite?
False
Is 6248975059 a composite number?
False
Is 14085395087 a composite number?
False
Is 692639473 a composite number?
True
Is 20129522549 a prime number?
False
Is 1110354689 a prime number?
False
Is 261735703 a prime number?
True
Is 35803271521 composite?
False
Is 1592920907 composite?
True
Is 7240101403 a prime number?
True
Is 1476620209 prime?
True
Is 118019279947 composite?
True
Is 147388627783 a composite number?
False
Is 127206604411 a composite number?
True
Is 68882930903 a prime number?
True
Is 3379002169 composite?
False
Is 16466473 composite?
True
Is 6883368803 composite?
False
Is 4144446903 a prime number?
False
Is 1848166519 composite?
False
Is 52933139099 a composite number?
True
Is 2238442933 a composite number?
True
Is 19237950717 composite?
True
Is 649232666 a composite number?
True
Is 3159721645 composite?
True
Is 3351178015 prime?
False
Is 32588394323 composite?
True
Is 1325667283 composite?
True
Is 626136319 prime?
True
Is 26186973343 a prime number?
True
Is 574586081 composite?
True
Is 37112007759 a prime number?
False
Is 98824674997 a prime number?
False
Is 66754741213 a prime number?
True
Is 16156009 prime?
False
Is 295471759 prime?
False
Is 4377495043 a composite number?
False
Is 1983893803 composite?
False
Is 8968394957 composite?
False
Is 175385983 prime?
True
Is 2304722647 prime?
True
Is 596594561 composite?
False
Is 28199838049 a prime number?
True
Is 6877684589 prime?
True
Is 592279333 prime?
True
Is 324137683 composite?
False
Is 440442411 prime?
False
Is 31475663033 a composite number?
True
Is 692965681 a composite number?
False
Is 271447990507 composite?
False
Is 1121104239 a prime number?
False
Is 1526489329 a prime number?
False
Is 6678186001 a composite number?
False
Is 31511465 a prime number?
False
Is 2449796639 composite?
False
Is 436649527 a composite number?
True
Is 9274651363 composite?
True
Is 33781370687 composite?
True
Is 1070544833 prime?
True
Is 28132905391 a prime number?
False
Is 1250689807 composite?
False
Is 1457958769 a prime number?
True
Is 467278261 a prime number?
False
Is 768844673 composite?
False
Is 13503820769 a composite number?
True
Is 551847683 prime?
False
Is 440275063 a prime number?
True
Is 1517911469 a prime number?
False
Is 172733989081 composite?
False
Is 128111941 a composite number?
False
Is 1951767371 a composite number?
True
Is 4240598491 composite?
False
Is 248946781 composite?
True
Is 10555327 composite?
True
Is 305804534233 prime?
False
Is 1872193777 prime?
True
Is 526489237 prime?
True
Is 39645239663 composite?
True
Is 8128489037 a prime number?
True
Is 5138926291 a composite number?
False
Is 2509418327 a composite number?
True
Is 18536489723 a prime number?
False
Is 132078173543 prime?
False
Is 104922743117 a composite number?
False
Is 9067861771 prime?
True
Is 4340482529 a prime number?
True
Is 855951277 composite?
False
Is 76467264787 composite?
True
Is 231664087 prime?
True
Is 54153592231 a composite number?
True
Is 1840025281 prime?
False
Is 1169207153 a composite number?
True
Is 80263501691 a prime number?
True
Is 790993001 a composite number?
False
Is 11250230263 composite?
False
Is 1716880493 a prime number?
False
Is 2914467518 a prime number?
False
Is 420405577 composite?
False
Is 16170746435 a composite number?
True
Is 27876461 a prime number?
True
Is 42263257 prime?
True
Is 169892347 a composite number?
True
Is 1485936347 prime?
False
Is 3513086011 composite?
False
Is 6059722951 composite?
False
Is 562775351 a prime number?
True
Is 7230484799 prime?
True
Is 46442017337 composite?
True
Is 220029037 a prime number?
True
Is 4032833393 prime?
True
Is 153785321 composite?
False
Is 3213478933 a composite number?
True
Is 4191378721 a composite number?
False
Is 836744847 composite?
True
Is 3032198017 composite?
False
Is 1661170583 a prime number?
False
Is 1104878257 a prime number?
False
Is 337760061 a composite number?
True
Is 37653569 composite?
False
Is 14073903797 composite?
True
Is 693882001 prime?
True
Is 960127859 a composite number?
True
Is 45004907201 a composite number?
True
Is 4915182607 prime?
True
Is 15806473 a prime number?
True
Is 3610966693 a prime number?
False
Is 181653971 a prime number?
False
Is 71507186419 prime?
False
Is 47953419533 a prime number?
True
Is 65308977067 a composite number?
False
Is 4066883773 a prime number?
True
Is 7903068367 prime?
False
Is 6901215203 prime?
False
Is 9742021403 composite?
True
Is 5323691 composite?
True
Is 23507359787 prime?
True
Is 925621001 a prime number?
True
Is 10576738511 a prime number?
True
Is 23663760319 composite?
False
Is 414896663 composite?
True
Is 44964476419 prime?
True
Is 21851471447 a composite number?
True
Is 52135271 a prime number?
True
Is 6316443215 a composite number?
True
Is 17412809587 a prime number?
Tr